{"id":106,"date":"2025-06-22T20:02:02","date_gmt":"2025-06-22T18:02:02","guid":{"rendered":"http:\/\/www.david-moitet.fr\/?page_id=106"},"modified":"2025-06-25T11:38:26","modified_gmt":"2025-06-25T09:38:26","slug":"rc-2722","status":"publish","type":"page","link":"https:\/\/www.david-moitet.fr\/?page_id=106","title":{"rendered":"RC 2722"},"content":{"rendered":"\n<main class=\"wp-block-group is-layout-flow wp-container-core-group-is-layout-7fca4a22 wp-block-group-is-layout-flow\" style=\"margin-top:0rem;padding-top:0;padding-right:0;padding-bottom:0;padding-left:0\">\n<div class=\"wp-block-group is-nowrap is-layout-flex wp-container-core-group-is-layout-6c531013 wp-block-group-is-layout-flex\">\n<figure class=\"wp-block-image size-full is-resized\"><img loading=\"lazy\" decoding=\"async\" width=\"494\" height=\"727\" src=\"https:\/\/www.david-moitet.fr\/wp-content\/uploads\/2025\/06\/RC2722-Couv-def-1.jpg\" alt=\"\" class=\"wp-image-108\" style=\"width:328px;height:auto\" srcset=\"https:\/\/www.david-moitet.fr\/wp-content\/uploads\/2025\/06\/RC2722-Couv-def-1.jpg 494w, https:\/\/www.david-moitet.fr\/wp-content\/uploads\/2025\/06\/RC2722-Couv-def-1-204x300.jpg 204w\" sizes=\"auto, (max-width: 494px) 100vw, 494px\" \/><\/figure>\n\n\n\n<div class=\"wp-block-group has-global-padding is-layout-constrained wp-block-group-is-layout-constrained\">\n<h4 class=\"wp-block-heading has-primary-color has-text-color has-link-color wp-elements-7f4b42b9ac189e28d5e7e82ec6853ab6\">2020 &#8211; A partir de 12 ans (2 traductions)<\/h4>\n\n\n\n<p>Dans un monde o\u00f9 une infime partie de la population a surv\u00e9cu \u00e0 une \u00e9pid\u00e9mie, Oliver est le r\u00e9fugi\u00e9 climatique RC 2722.<br>Il fait partie des chanceux. Du moins c\u2019est ce qu\u2019il croit\u2026 Depuis le grand effondrement, Oliver a grandi dans une ville souterraine, hypers\u00e9curis\u00e9e, o\u00f9 la population se prot\u00e8ge des virus et des ondes radioactives ext\u00e9rieures. Entre un p\u00e8re et un fr\u00e8re, tous deux haut grad\u00e9s, il a du mal \u00e0 trouver sa place. Mais quand l\u2019un meurt myst\u00e9rieusement et que l\u2019autre est condamn\u00e9 \u00e0 l\u2019exil, son univers vacille.&nbsp;Et si ces deux \u00e9v\u00e8nements cachaient un secret bien plus grand ?<br><br>En qu\u00eate de r\u00e9ponse, Oliver n\u2019a pas le choix : Il doit remonter \u00e0 la surface !<\/p>\n\n\n\n<blockquote class=\"wp-block-quote is-layout-flow wp-block-quote-is-layout-flow\">\n<p class=\"has-mono-2-color has-text-color has-link-color wp-elements-e04e5e9c12e99e6d7759a961b443842f\"><strong><strong><strong><strong><strong>Prix ados de Loud\u00e9ac 2021-2022<br>Prix litt\u00e9raire Gayant Lecture 2021<br>Prix Tatoulu noir 2022<\/strong><\/strong><\/strong><\/strong><\/strong><\/p>\n<\/blockquote>\n<\/div>\n<\/div>\n\n\n\n<div class=\"wp-block-group alignfull has-global-padding is-layout-constrained wp-container-core-group-is-layout-9b4607c3 wp-block-group-is-layout-constrained\" style=\"margin-top:0;margin-bottom:0;padding-top:var(--wp--preset--spacing--superbspacing-small);padding-right:var(--wp--preset--spacing--superbspacing-small);padding-bottom:var(--wp--preset--spacing--superbspacing-small);padding-left:var(--wp--preset--spacing--superbspacing-small)\">\n<div class=\"wp-block-columns is-layout-flex wp-container-core-columns-is-layout-28f84493 wp-block-columns-is-layout-flex\">\n<div class=\"wp-block-column is-layout-flow wp-block-column-is-layout-flow\" style=\"flex-basis:100%\">\n<main class=\"wp-block-group blog-feed-one has-global-padding is-layout-constrained wp-container-core-group-is-layout-8921a5c1 wp-block-group-is-layout-constrained\" style=\"margin-bottom:var(--wp--preset--spacing--superbspacing-small);padding-top:0;padding-right:0;padding-bottom:0;padding-left:0\">\n<div class=\"wp-block-query alignwide has-global-padding is-layout-constrained wp-container-core-query-is-layout-db9edeb8 wp-block-query-is-layout-constrained\"><ul class=\"alignwide wp-block-post-template is-layout-flow wp-container-core-post-template-is-layout-56df9aa4 wp-block-post-template-is-layout-flow\"><li class=\"wp-block-post post-1 post type-post status-publish format-standard hentry category-non-classe\">\n\n<p class=\"has-mono-2-color has-text-color has-link-color has-superbfont-medium-font-size wp-elements-d62d7507386d72adf0262ac3675b91ee\"><a href=\"https:\/\/www.youtube.com\/watch?v=jRihMFEkw5I\">Pr\u00e9sentation vid\u00e9o<\/a><\/p>\n\n<\/li><\/ul><\/div>\n<\/main>\n<\/div>\n<\/div>\n<\/div>\n<\/main>\n","protected":false},"excerpt":{"rendered":"<p>2020 &#8211; A partir de 12 ans (2 traductions) Dans un monde o\u00f9 une infime partie de la population a surv\u00e9cu \u00e0 une \u00e9pid\u00e9mie, Oliver est le r\u00e9fugi\u00e9 climatique RC 2722.Il fait partie des chanceux. Du moins c\u2019est ce qu\u2019il croit\u2026 Depuis le grand effondrement, Oliver a grandi dans une ville souterraine, hypers\u00e9curis\u00e9e, o\u00f9 la [&hellip;]<\/p>\n","protected":false},"author":1,"featured_media":0,"parent":0,"menu_order":0,"comment_status":"closed","ping_status":"closed","template":"","meta":{"footnotes":""},"class_list":["post-106","page","type-page","status-publish","hentry"],"_links":{"self":[{"href":"https:\/\/www.david-moitet.fr\/index.php?rest_route=\/wp\/v2\/pages\/106","targetHints":{"allow":["GET"]}}],"collection":[{"href":"https:\/\/www.david-moitet.fr\/index.php?rest_route=\/wp\/v2\/pages"}],"about":[{"href":"https:\/\/www.david-moitet.fr\/index.php?rest_route=\/wp\/v2\/types\/page"}],"author":[{"embeddable":true,"href":"https:\/\/www.david-moitet.fr\/index.php?rest_route=\/wp\/v2\/users\/1"}],"replies":[{"embeddable":true,"href":"https:\/\/www.david-moitet.fr\/index.php?rest_route=%2Fwp%2Fv2%2Fcomments&post=106"}],"version-history":[{"count":10,"href":"https:\/\/www.david-moitet.fr\/index.php?rest_route=\/wp\/v2\/pages\/106\/revisions"}],"predecessor-version":[{"id":309,"href":"https:\/\/www.david-moitet.fr\/index.php?rest_route=\/wp\/v2\/pages\/106\/revisions\/309"}],"wp:attachment":[{"href":"https:\/\/www.david-moitet.fr\/index.php?rest_route=%2Fwp%2Fv2%2Fmedia&parent=106"}],"curies":[{"name":"wp","href":"https:\/\/api.w.org\/{rel}","templated":true}]}}