{"id":122,"date":"2025-06-22T19:57:28","date_gmt":"2025-06-22T17:57:28","guid":{"rendered":"https:\/\/www.david-moitet.fr\/?page_id=122"},"modified":"2025-06-30T12:05:21","modified_gmt":"2025-06-30T10:05:21","slug":"les-mondes-de-lalliance","status":"publish","type":"page","link":"https:\/\/www.david-moitet.fr\/?page_id=122","title":{"rendered":"Les Mondes de L&rsquo;Alliance"},"content":{"rendered":"\n<main class=\"wp-block-group is-layout-flow wp-container-core-group-is-layout-7fca4a22 wp-block-group-is-layout-flow\" style=\"margin-top:0rem;padding-top:0;padding-right:0;padding-bottom:0;padding-left:0\">\n<p><\/p>\n\n\n\n<div class=\"wp-block-group alignfull has-global-padding is-layout-constrained wp-container-core-group-is-layout-9b4607c3 wp-block-group-is-layout-constrained\" style=\"margin-top:0;margin-bottom:0;padding-top:var(--wp--preset--spacing--superbspacing-small);padding-right:var(--wp--preset--spacing--superbspacing-small);padding-bottom:var(--wp--preset--spacing--superbspacing-small);padding-left:var(--wp--preset--spacing--superbspacing-small)\">\n<div class=\"wp-block-columns is-layout-flex wp-container-core-columns-is-layout-28f84493 wp-block-columns-is-layout-flex\">\n<div class=\"wp-block-column is-layout-flow wp-block-column-is-layout-flow\" style=\"flex-basis:100%\">\n<main class=\"wp-block-group blog-feed-one has-global-padding is-layout-constrained wp-container-core-group-is-layout-8921a5c1 wp-block-group-is-layout-constrained\" style=\"margin-bottom:var(--wp--preset--spacing--superbspacing-small);padding-top:0;padding-right:0;padding-bottom:0;padding-left:0\">\n<div class=\"wp-block-query alignwide has-global-padding is-layout-constrained wp-container-core-query-is-layout-db9edeb8 wp-block-query-is-layout-constrained\"><ul class=\"alignwide wp-block-post-template is-layout-flow wp-container-core-post-template-is-layout-56df9aa4 wp-block-post-template-is-layout-flow\"><li class=\"wp-block-post post-1 post type-post status-publish format-standard hentry category-non-classe\">\n\n<div class=\"wp-block-group alignwide is-horizontal is-content-justification-left is-nowrap is-layout-flex wp-container-core-group-is-layout-5a79d77c wp-block-group-is-layout-flex\" style=\"border-bottom-style:none;border-bottom-width:0px;margin-bottom:0;padding-top:0;padding-bottom:0\">\n<figure class=\"wp-block-image size-full is-resized\"><img loading=\"lazy\" decoding=\"async\" width=\"494\" height=\"727\" src=\"https:\/\/www.david-moitet.fr\/wp-content\/uploads\/2025\/06\/couv-MDA-1-22-16.jpg\" alt=\"\" class=\"wp-image-54\" style=\"aspect-ratio:0.6666666666666666;object-fit:cover;width:308px;height:auto\" srcset=\"https:\/\/www.david-moitet.fr\/wp-content\/uploads\/2025\/06\/couv-MDA-1-22-16.jpg 494w, https:\/\/www.david-moitet.fr\/wp-content\/uploads\/2025\/06\/couv-MDA-1-22-16-204x300.jpg 204w\" sizes=\"auto, (max-width: 494px) 100vw, 494px\" \/><\/figure>\n\n\n\n<div class=\"wp-block-group has-contrast-dark-color has-text-color has-link-color wp-elements-0d3239b8aab6c58fa35acd7660a30d16 is-layout-flow wp-block-group-is-layout-flow\">\n<h3 class=\"wp-block-heading\">Tome 1 &#8211; L&rsquo;Ombre Blanche<\/h3>\n\n\n\n<h4 class=\"wp-block-heading has-primary-color has-text-color has-link-color wp-elements-b1cf9963aee5ab059c4935cf2e9cb495\">2014 &#8211; A partir de 10 ans (Disponible en format poche)<\/h4>\n\n\n\n<p>2551, un fr\u00e8re, une s\u0153ur.<br>Ils sont jumeaux, et ont des r\u00eaves plein la t\u00eate : traqueur pour Nato, pilote de chasse pour Jade.<br>Tout semble possible quand on \u00e9tudie \u00e0 l\u2019Acad\u00e9mie interstellaire. Pourtant, quand ils \u00e9chouent accidentellement sur une plan\u00e8te non r\u00e9pertori\u00e9e, il ne sera plus question de r\u00eaver\u2026 mais de survivre.<br><br>Le premier tome d\u2019une s\u00e9rie de science fiction captivante !<\/p>\n\n\n\n<blockquote class=\"wp-block-quote is-layout-flow wp-block-quote-is-layout-flow\">\n<p class=\"has-mono-2-color has-text-color has-link-color wp-elements-4fe313adac6993b131d38ac4cbeba14c\">Grand prix du jeune lecteur de Casablanca 2015<br>Prix Escapages 2016<br>Prix Vivement vendredi 2015<br>Prix Atout lire 2016<\/p>\n<\/blockquote>\n<\/div>\n<\/div>\n\n\n\n<div class=\"wp-block-group is-nowrap is-layout-flex wp-container-core-group-is-layout-6c531013 wp-block-group-is-layout-flex\">\n<h2 class=\"wp-block-heading\"><\/h2>\n<\/div>\n\n\n\n<p><\/p>\n\n\n\n<div class=\"wp-block-group alignwide is-horizontal is-content-justification-left is-nowrap is-layout-flex wp-container-core-group-is-layout-5a79d77c wp-block-group-is-layout-flex\" style=\"border-bottom-style:none;border-bottom-width:0px;margin-bottom:0;padding-top:0;padding-bottom:0\">\n<figure class=\"wp-block-image size-full is-resized\"><img loading=\"lazy\" decoding=\"async\" width=\"494\" height=\"727\" src=\"https:\/\/www.david-moitet.fr\/wp-content\/uploads\/2025\/06\/Le-secteur-C.jpeg\" alt=\"\" class=\"wp-image-56\" style=\"aspect-ratio:2\/3;object-fit:cover;width:308px;height:auto\" srcset=\"https:\/\/www.david-moitet.fr\/wp-content\/uploads\/2025\/06\/Le-secteur-C.jpeg 494w, https:\/\/www.david-moitet.fr\/wp-content\/uploads\/2025\/06\/Le-secteur-C-204x300.jpeg 204w\" sizes=\"auto, (max-width: 494px) 100vw, 494px\" \/><\/figure>\n\n\n\n<div class=\"wp-block-group has-contrast-dark-color has-text-color has-link-color wp-elements-4182fa9b32d7ce5e296e31e3d91f0121 is-layout-flow wp-block-group-is-layout-flow\">\n<h3 class=\"wp-block-heading\">Tome 2 &#8211; Le Secteur C<\/h3>\n\n\n\n<h4 class=\"wp-block-heading has-primary-color has-text-color has-link-color wp-elements-b5855f4c26bf82138e6b61a010190db2\">2015 &#8211; A partir de 10 ans (Disponible en format poche en poche)<\/h4>\n\n\n\n<p>Nato n&rsquo;a plus qu&rsquo;une obsession : retrouver la piste de James Warlock, le meurtrier de son p\u00e8re. Aid\u00e9 de sa s\u0153ur et de leurs nouveaux amis de l&rsquo;Acad\u00e9mie, le jeune homme devra s&rsquo;enfoncer toujours plus loin dans les bas-fonds de l&rsquo;Alliance&#8230; jusqu&rsquo;au terrifiant secteur C.<\/p>\n\n\n\n<blockquote class=\"wp-block-quote is-layout-flow wp-block-quote-is-layout-flow\">\n<p class=\"has-mono-2-color has-text-color has-link-color wp-elements-15f3e95adc23ee5dccc6732dd2e24750\"><\/p>\n<\/blockquote>\n<\/div>\n<\/div>\n\n\n\n<p><\/p>\n\n\n\n<p><\/p>\n\n\n\n<div class=\"wp-block-group alignwide is-horizontal is-content-justification-left is-nowrap is-layout-flex wp-container-core-group-is-layout-5a79d77c wp-block-group-is-layout-flex\" style=\"border-bottom-style:none;border-bottom-width:0px;margin-bottom:0;padding-top:0;padding-bottom:0\">\n<figure class=\"wp-block-image size-full is-resized\"><img loading=\"lazy\" decoding=\"async\" width=\"494\" height=\"727\" src=\"https:\/\/www.david-moitet.fr\/wp-content\/uploads\/2025\/06\/la-treizieme-loi.jpeg\" alt=\"\" class=\"wp-image-57\" style=\"aspect-ratio:0.6666666666666666;object-fit:cover;width:308px;height:auto\" srcset=\"https:\/\/www.david-moitet.fr\/wp-content\/uploads\/2025\/06\/la-treizieme-loi.jpeg 494w, https:\/\/www.david-moitet.fr\/wp-content\/uploads\/2025\/06\/la-treizieme-loi-204x300.jpeg 204w\" sizes=\"auto, (max-width: 494px) 100vw, 494px\" \/><\/figure>\n\n\n\n<div class=\"wp-block-group has-contrast-dark-color has-text-color has-link-color wp-elements-24a1f8016fb3e44a80517802bfe124da is-layout-flow wp-block-group-is-layout-flow\">\n<h3 class=\"wp-block-heading\">Tome 3 &#8211; La Treizi\u00e8me Loi<\/h3>\n\n\n\n<h4 class=\"wp-block-heading has-primary-color has-text-color has-link-color wp-elements-4da3d41ae5e6e21b8bd4768d2bfc5c7d\">2016 &#8211; A partir de 10 ans <\/h4>\n\n\n\n<p>Nato et Jade, r\u00e9cemment recrut\u00e9s dans l\u2019Ordre des Traqueurs, doivent maintenant faire leurs preuves. D\u00e9stabilis\u00e9s par la nature de leur entra\u00eenement, ils savent cependant qu\u2019ils ne peuvent plus reculer. Ils sont maintenant Huit et Soixante. Mais tout s\u2019acc\u00e9l\u00e8re brutalement lorsque l\u2019Ordre d\u00e9couvre d\u2019\u00e9tranges agissements au P\u00e9nitencier des \u00e2mes perdues. Nato est alors envoy\u00e9 en mission au sein de la c\u00e9l\u00e8bre prison de l\u2019Alliance. Il d\u00e9couvre un lieu r\u00e9gi par la loi de la jungle, o\u00f9 les prisonniers politiques sont \u00e0 la merci des assassins les plus fous. Jade, quant \u00e0 elle, apprend \u00e0 ses d\u00e9pens que les Traqueurs sont en danger. En descendant dans les profondeurs d\u2019Utopia, aid\u00e9e d\u2019Amos et de Warlock, elle d\u00e9couvre un complot effroyable.<\/p>\n\n\n\n<blockquote class=\"wp-block-quote is-layout-flow wp-block-quote-is-layout-flow\">\n<p class=\"has-mono-2-color has-text-color has-link-color wp-elements-15f3e95adc23ee5dccc6732dd2e24750\"><\/p>\n<\/blockquote>\n<\/div>\n<\/div>\n\n\n\n<h2 class=\"wp-block-heading\"><a href=\"https:\/\/www.youtube.com\/watch?v=qvkSFP7Nyjs\">Lien vers la bande annonce<\/a><\/h2>\n\n<\/li><\/ul><\/div>\n<\/main>\n<\/div>\n<\/div>\n<\/div>\n<\/main>\n\n\n\n<blockquote class=\"wp-block-quote is-layout-flow wp-block-quote-is-layout-flow\">\n<p><\/p>\n<\/blockquote>\n","protected":false},"excerpt":{"rendered":"","protected":false},"author":1,"featured_media":0,"parent":0,"menu_order":0,"comment_status":"closed","ping_status":"closed","template":"","meta":{"footnotes":""},"class_list":["post-122","page","type-page","status-publish","hentry"],"_links":{"self":[{"href":"https:\/\/www.david-moitet.fr\/index.php?rest_route=\/wp\/v2\/pages\/122","targetHints":{"allow":["GET"]}}],"collection":[{"href":"https:\/\/www.david-moitet.fr\/index.php?rest_route=\/wp\/v2\/pages"}],"about":[{"href":"https:\/\/www.david-moitet.fr\/index.php?rest_route=\/wp\/v2\/types\/page"}],"author":[{"embeddable":true,"href":"https:\/\/www.david-moitet.fr\/index.php?rest_route=\/wp\/v2\/users\/1"}],"replies":[{"embeddable":true,"href":"https:\/\/www.david-moitet.fr\/index.php?rest_route=%2Fwp%2Fv2%2Fcomments&post=122"}],"version-history":[{"count":6,"href":"https:\/\/www.david-moitet.fr\/index.php?rest_route=\/wp\/v2\/pages\/122\/revisions"}],"predecessor-version":[{"id":320,"href":"https:\/\/www.david-moitet.fr\/index.php?rest_route=\/wp\/v2\/pages\/122\/revisions\/320"}],"wp:attachment":[{"href":"https:\/\/www.david-moitet.fr\/index.php?rest_route=%2Fwp%2Fv2%2Fmedia&parent=122"}],"curies":[{"name":"wp","href":"https:\/\/api.w.org\/{rel}","templated":true}]}}