{"id":153,"date":"2025-06-24T09:15:07","date_gmt":"2025-06-24T07:15:07","guid":{"rendered":"https:\/\/www.david-moitet.fr\/?page_id=153"},"modified":"2025-06-24T09:15:18","modified_gmt":"2025-06-24T07:15:18","slug":"lhomme-aux-papillons","status":"publish","type":"page","link":"https:\/\/www.david-moitet.fr\/?page_id=153","title":{"rendered":"L&rsquo;Homme aux Papillons"},"content":{"rendered":"\n<div class=\"wp-block-group alignfull has-global-padding is-layout-constrained wp-container-core-group-is-layout-9b4607c3 wp-block-group-is-layout-constrained\" style=\"margin-top:0;margin-bottom:0;padding-top:var(--wp--preset--spacing--superbspacing-small);padding-right:var(--wp--preset--spacing--superbspacing-small);padding-bottom:var(--wp--preset--spacing--superbspacing-small);padding-left:var(--wp--preset--spacing--superbspacing-small)\">\n<div class=\"wp-block-columns is-layout-flex wp-container-core-columns-is-layout-28f84493 wp-block-columns-is-layout-flex\">\n<div class=\"wp-block-column is-layout-flow wp-block-column-is-layout-flow\" style=\"flex-basis:100%\">\n<main class=\"wp-block-group blog-feed-one has-global-padding is-layout-constrained wp-container-core-group-is-layout-8921a5c1 wp-block-group-is-layout-constrained\" style=\"margin-bottom:var(--wp--preset--spacing--superbspacing-small);padding-top:0;padding-right:0;padding-bottom:0;padding-left:0\">\n<div class=\"wp-block-query alignwide has-global-padding is-layout-constrained wp-container-core-query-is-layout-db9edeb8 wp-block-query-is-layout-constrained\"><ul class=\"alignwide wp-block-post-template is-layout-flow wp-container-core-post-template-is-layout-56df9aa4 wp-block-post-template-is-layout-flow\"><li class=\"wp-block-post post-1 post type-post status-publish format-standard hentry category-non-classe\">\n\n<div class=\"wp-block-group alignwide is-horizontal is-content-justification-left is-nowrap is-layout-flex wp-container-core-group-is-layout-5a79d77c wp-block-group-is-layout-flex\" style=\"border-bottom-style:none;border-bottom-width:0px;margin-bottom:0;padding-top:0;padding-bottom:0\">\n<figure class=\"wp-block-image size-full is-resized\"><img loading=\"lazy\" decoding=\"async\" width=\"220\" height=\"359\" src=\"https:\/\/www.david-moitet.fr\/wp-content\/uploads\/2025\/06\/s-l1600.jpg\" alt=\"\" class=\"wp-image-31\" style=\"aspect-ratio:0.6666666666666666;object-fit:cover;width:398px;height:auto\" srcset=\"https:\/\/www.david-moitet.fr\/wp-content\/uploads\/2025\/06\/s-l1600.jpg 220w, https:\/\/www.david-moitet.fr\/wp-content\/uploads\/2025\/06\/s-l1600-184x300.jpg 184w\" sizes=\"auto, (max-width: 220px) 100vw, 220px\" \/><\/figure>\n\n\n\n<div class=\"wp-block-group has-contrast-dark-color has-text-color has-link-color wp-elements-5f0d9b63271d1716b35ff902050fff7e is-layout-flow wp-block-group-is-layout-flow\">\n<h4 class=\"wp-block-heading has-primary-color has-text-color has-link-color wp-elements-b05a2ec458e2380f253f68b15f37cb3b\">2010 (Existe en poche)<\/h4>\n\n\n\n<p>A 31 ans, Alex Ablance est un jeune chef de groupe de la prestigieuse brigade criminelle et m\u00e8ne une vie presque parfaite.<br>Un appel anonyme plonge l\u2019enqu\u00eateur du 36 quai des Orf\u00e8vres au c\u0153ur d\u2019une curieuse mise en sc\u00e8ne. On a d\u00e9couvert son nom sur un cadavre !<br>Le mort, affubl\u00e9 d\u2019un costume flambant neuf, tient entre ses mains une enveloppe contenant un po\u00e8me et une<br>photo d\u00e9chir\u00e9e\u2026<br>Ablance se lance sur les traces du myst\u00e9rieux po\u00e8te, mais les apparences sont parfois trompeuses\u2026\u00a0Etes-vous pr\u00eat \u00e0 l\u2019accompagner dans sa descente aux enfers ?<br><br><\/p>\n\n\n\n<blockquote class=\"wp-block-quote is-layout-flow wp-block-quote-is-layout-flow\">\n<p class=\"has-mono-2-color has-text-color has-link-color wp-elements-6655eef463ffbde4325f21ce4758d674\"><strong><strong>Prix du thriller de l&rsquo;\u00e9t\u00e9 Femme Actuelle 2010<\/strong><\/strong><\/p>\n<\/blockquote>\n<\/div>\n<\/div>\n\n\n\n<p><\/p>\n\n<\/li><\/ul><\/div>\n<\/main>\n<\/div>\n<\/div>\n<\/div>\n","protected":false},"excerpt":{"rendered":"","protected":false},"author":1,"featured_media":0,"parent":0,"menu_order":0,"comment_status":"closed","ping_status":"closed","template":"","meta":{"footnotes":""},"class_list":["post-153","page","type-page","status-publish","hentry"],"_links":{"self":[{"href":"https:\/\/www.david-moitet.fr\/index.php?rest_route=\/wp\/v2\/pages\/153","targetHints":{"allow":["GET"]}}],"collection":[{"href":"https:\/\/www.david-moitet.fr\/index.php?rest_route=\/wp\/v2\/pages"}],"about":[{"href":"https:\/\/www.david-moitet.fr\/index.php?rest_route=\/wp\/v2\/types\/page"}],"author":[{"embeddable":true,"href":"https:\/\/www.david-moitet.fr\/index.php?rest_route=\/wp\/v2\/users\/1"}],"replies":[{"embeddable":true,"href":"https:\/\/www.david-moitet.fr\/index.php?rest_route=%2Fwp%2Fv2%2Fcomments&post=153"}],"version-history":[{"count":5,"href":"https:\/\/www.david-moitet.fr\/index.php?rest_route=\/wp\/v2\/pages\/153\/revisions"}],"predecessor-version":[{"id":191,"href":"https:\/\/www.david-moitet.fr\/index.php?rest_route=\/wp\/v2\/pages\/153\/revisions\/191"}],"wp:attachment":[{"href":"https:\/\/www.david-moitet.fr\/index.php?rest_route=%2Fwp%2Fv2%2Fmedia&parent=153"}],"curies":[{"name":"wp","href":"https:\/\/api.w.org\/{rel}","templated":true}]}}