{"id":272,"date":"2025-06-24T20:13:29","date_gmt":"2025-06-24T18:13:29","guid":{"rendered":"https:\/\/www.david-moitet.fr\/?page_id=272"},"modified":"2025-06-25T11:29:55","modified_gmt":"2025-06-25T09:29:55","slug":"nouvelles","status":"publish","type":"page","link":"https:\/\/www.david-moitet.fr\/?page_id=272","title":{"rendered":"Nouvelles"},"content":{"rendered":"\n<h4 class=\"wp-block-heading has-primary-color has-text-color has-link-color wp-elements-38868a01d86ab55481ee754474a676f4\">2024 &#8211; Nouvelle \u00ab\u00a0Un Monde sans Sport\u00a0\u00bb<\/h4>\n\n\n\n<div class=\"wp-block-group alignfull has-global-padding is-layout-constrained wp-container-core-group-is-layout-9b4607c3 wp-block-group-is-layout-constrained\" style=\"margin-top:0;margin-bottom:0;padding-top:var(--wp--preset--spacing--superbspacing-small);padding-right:var(--wp--preset--spacing--superbspacing-small);padding-bottom:var(--wp--preset--spacing--superbspacing-small);padding-left:var(--wp--preset--spacing--superbspacing-small)\">\n<div class=\"wp-block-columns is-layout-flex wp-container-core-columns-is-layout-28f84493 wp-block-columns-is-layout-flex\">\n<div class=\"wp-block-column is-layout-flow wp-block-column-is-layout-flow\" style=\"flex-basis:100%\">\n<main class=\"wp-block-group blog-feed-one has-global-padding is-layout-constrained wp-container-core-group-is-layout-8921a5c1 wp-block-group-is-layout-constrained\" style=\"margin-bottom:var(--wp--preset--spacing--superbspacing-small);padding-top:0;padding-right:0;padding-bottom:0;padding-left:0\">\n<div class=\"wp-block-query alignwide has-global-padding is-layout-constrained wp-container-core-query-is-layout-db9edeb8 wp-block-query-is-layout-constrained\"><ul class=\"alignwide wp-block-post-template is-layout-flow wp-container-core-post-template-is-layout-56df9aa4 wp-block-post-template-is-layout-flow\"><li class=\"wp-block-post post-1 post type-post status-publish format-standard hentry category-non-classe\">\n\n<div class=\"wp-block-group alignwide is-horizontal is-content-justification-left is-nowrap is-layout-flex wp-container-core-group-is-layout-5a79d77c wp-block-group-is-layout-flex\" style=\"border-bottom-style:none;border-bottom-width:0px;margin-bottom:0;padding-top:0;padding-bottom:0\">\n<figure class=\"wp-block-image size-full is-resized\"><img loading=\"lazy\" decoding=\"async\" width=\"500\" height=\"714\" src=\"https:\/\/www.david-moitet.fr\/wp-content\/uploads\/2025\/06\/partir-en-livre-2024-10-nouvelles-1.jpg\" alt=\"\" class=\"wp-image-266\" style=\"aspect-ratio:0.6666666666666666;object-fit:cover;width:398px;height:auto\" srcset=\"https:\/\/www.david-moitet.fr\/wp-content\/uploads\/2025\/06\/partir-en-livre-2024-10-nouvelles-1.jpg 500w, https:\/\/www.david-moitet.fr\/wp-content\/uploads\/2025\/06\/partir-en-livre-2024-10-nouvelles-1-210x300.jpg 210w\" sizes=\"auto, (max-width: 500px) 100vw, 500px\" \/><\/figure>\n\n\n\n<div class=\"wp-block-group has-contrast-dark-color has-text-color has-link-color wp-elements-c227b1536fee3dd00f5d744b3e1f41a4 is-layout-flow wp-block-group-is-layout-flow\">\n<h4 class=\"wp-block-heading has-primary-color has-text-color has-link-color wp-elements-38df136da60b6bdb493d3b76b3e82075\"><\/h4>\n\n\n\n<h4 class=\"wp-block-heading\">Dix nouvelles sur le sport, \u00e9crites dans le cadre du dispositif Partir en Livre en partenariat avec le CNL<\/h4>\n<\/div>\n<\/div>\n\n\n\n<p>Pour ses dix ans, Partir en Livre a confi\u00e9 \u00e0<strong>\u00a0dix autrices et auteurs embl\u00e9matiques de la litt\u00e9rature jeunesse<\/strong>\u00a0en France, l\u2019\u00e9criture de dix textes rassembl\u00e9s dans ce recueil autour du th\u00e8me du sport, \u00e0 l\u2019occasion des Jeux Olympiques et Paralympiques 2024. Les nouvelles \u00e9crites par\u00a0<strong>Cl\u00e9mentine Beauvais<\/strong>,\u00a0<strong>Kamel Benaouda, Claire Castillon, Christelle Dabos, Malika Ferdjoukh, Philippe Lechermeier, David Moitet, Susie Morgenstern, C\u00e9cile Roumigui\u00e8re et Jean-Christophe Tixier<\/strong>\u00a0incarnent toute la cr\u00e9ativit\u00e9 et la diversit\u00e9 de cette litt\u00e9rature qui se renouvelle sans cesse, pour parler \u00e0 la jeunesse. Le sport est ainsi d\u00e9clin\u00e9 en de multiples genres et th\u00e8mes, du r\u00e9cit humoristique \u00e0 la dystopie, et nul doute que chacun y trouvera son bonheur.<\/p>\n\n\n\n<h4 class=\"wp-block-heading has-text-align-center\"><a href=\"https:\/\/centrenationaldulivre.fr\/sites\/default\/files\/2024-05\/Partir%20en%20Livre%2010e%20%C3%A9dition_Recueil%20de%20dix%20nouvelles%20autour%20du%20sport.pdf\">Lien vers le recueil gratuit<\/a><\/h4>\n\n<\/li><\/ul><\/div>\n<\/main>\n<\/div>\n<\/div>\n<\/div>\n\n\n\n<h4 class=\"wp-block-heading has-primary-color has-text-color has-link-color wp-elements-60562adb5e88eba254ecb8ce0c545f3c\">2025 &#8211; La Lettre de Fontevraud<\/h4>\n\n\n\n<div class=\"wp-block-group alignfull has-global-padding is-layout-constrained wp-container-core-group-is-layout-cb197c39 wp-block-group-is-layout-constrained\" style=\"margin-top:0;margin-bottom:0;padding-top:var(--wp--preset--spacing--superbspacing-small);padding-right:var(--wp--preset--spacing--superbspacing-small);padding-bottom:var(--wp--preset--spacing--superbspacing-small);padding-left:var(--wp--preset--spacing--superbspacing-small)\">\n<div class=\"wp-block-columns is-layout-flex wp-container-core-columns-is-layout-28f84493 wp-block-columns-is-layout-flex\">\n<div class=\"wp-block-column is-layout-flow wp-block-column-is-layout-flow\" style=\"flex-basis:100%\">\n<main class=\"wp-block-group blog-feed-one has-global-padding is-layout-constrained wp-container-core-group-is-layout-8921a5c1 wp-block-group-is-layout-constrained\" style=\"margin-bottom:var(--wp--preset--spacing--superbspacing-small);padding-top:0;padding-right:0;padding-bottom:0;padding-left:0\">\n<div class=\"wp-block-query alignwide has-global-padding is-layout-constrained wp-container-core-query-is-layout-db9edeb8 wp-block-query-is-layout-constrained\"><ul class=\"alignwide wp-block-post-template is-layout-flow wp-container-core-post-template-is-layout-56df9aa4 wp-block-post-template-is-layout-flow\"><li class=\"wp-block-post post-1 post type-post status-publish format-standard hentry category-non-classe\">\n\n<div class=\"wp-block-group alignwide is-horizontal is-content-justification-left is-nowrap is-layout-flex wp-container-core-group-is-layout-5a79d77c wp-block-group-is-layout-flex\" style=\"border-bottom-style:none;border-bottom-width:0px;margin-bottom:0;padding-top:0;padding-bottom:0\">\n<figure class=\"wp-block-image size-full is-resized\"><img loading=\"lazy\" decoding=\"async\" width=\"458\" height=\"712\" src=\"https:\/\/www.david-moitet.fr\/wp-content\/uploads\/2025\/06\/Sans-titre.png\" alt=\"\" class=\"wp-image-276\" style=\"aspect-ratio:2\/3;object-fit:cover;width:400px\" srcset=\"https:\/\/www.david-moitet.fr\/wp-content\/uploads\/2025\/06\/Sans-titre.png 458w, https:\/\/www.david-moitet.fr\/wp-content\/uploads\/2025\/06\/Sans-titre-193x300.png 193w\" sizes=\"auto, (max-width: 458px) 100vw, 458px\" \/><\/figure>\n\n\n\n<div class=\"wp-block-group has-contrast-dark-color has-text-color has-link-color wp-elements-cea86dc8aec7e951c9eacbc7f6b90a09 is-layout-flow wp-block-group-is-layout-flow\">\n<p><\/p>\n\n\n\n<h4 class=\"wp-block-heading\">Travail d&rsquo;\u00e9criture collectif en partenariat avec deux classes, La Mutinerie et le Mus\u00e9e d&rsquo;Art Moderne de Fontevraud<\/h4>\n<\/div>\n<\/div>\n\n\n\n<p>Luka Bertier, ancien braqueur d\u00e9sormais plongeur dans un restaurant de Saumur, r\u00eave d\u2019un avenir meilleur pour sa fille Alie, qui vient de passer son bac. Quand le mus\u00e9e d\u2019Art moderne de Fontevraud est victime d\u2019un cambriolage audacieux, l\u2019enqu\u00eateur de l\u2019Office central de lutte contre le trafic des biens culturels d\u00e9p\u00each\u00e9 sur place \u2014 le tr\u00e8s \u00e9rudit Hippolyte Bastien \u2014 se met rapidement sur la piste de l\u2019ancien malfrat. Mais entre secrets de famille et tentatives de r\u00e9demption, le capitaine Bastien aura bien du mal \u00e0 d\u00e9m\u00ealer le vrai du faux.<br><\/p>\n\n<\/li><\/ul><\/div>\n<\/main>\n\n\n\n<p>Fruit d\u2019un partenariat ambitieux nou\u00e9 entre le mus\u00e9e d\u2019Art moderne de Fontevraud et La Mutinerie, m\u00e9diation &amp; litt\u00e9rature, le court roman que vous vous appr\u00eatez \u00e0 lire est aussi in\u00e9dit sur le fond et la forme que dans sa m\u00e9thode de conception. Apr\u00e8s avoir d\u00e9couvert les collections du mus\u00e9e d\u2019Art moderne gr\u00e2ce \u00e0 Dominique Gagneux, sa directrice, et \u00e0 Adeline Bastien, m\u00e9diatrice, trois groupes de lyc\u00e9ens du territoire et l&rsquo;auteur David Moitet ont choisi des \u0153uvres \u00e0 mettre en sc\u00e8ne dans une fiction. Ensemble, ils ont construit la trame narrative et les personnages de ce r\u00e9cit. Les \u00e9l\u00e8ves ont ensuite propos\u00e9 des pistes pour l\u2019illustration de couverture, dont La Mutinerie s\u2019est saisie pour la r\u00e9alisation.<\/p>\n<\/div>\n<\/div>\n<\/div>\n","protected":false},"excerpt":{"rendered":"<p>2024 &#8211; Nouvelle \u00ab\u00a0Un Monde sans Sport\u00a0\u00bb 2025 &#8211; La Lettre de Fontevraud Fruit d\u2019un partenariat ambitieux nou\u00e9 entre le mus\u00e9e d\u2019Art moderne de Fontevraud et La Mutinerie, m\u00e9diation &amp; litt\u00e9rature, le court roman que vous vous appr\u00eatez \u00e0 lire est aussi in\u00e9dit sur le fond et la forme que dans sa m\u00e9thode de conception. [&hellip;]<\/p>\n","protected":false},"author":1,"featured_media":0,"parent":0,"menu_order":0,"comment_status":"closed","ping_status":"closed","template":"","meta":{"footnotes":""},"class_list":["post-272","page","type-page","status-publish","hentry"],"_links":{"self":[{"href":"https:\/\/www.david-moitet.fr\/index.php?rest_route=\/wp\/v2\/pages\/272","targetHints":{"allow":["GET"]}}],"collection":[{"href":"https:\/\/www.david-moitet.fr\/index.php?rest_route=\/wp\/v2\/pages"}],"about":[{"href":"https:\/\/www.david-moitet.fr\/index.php?rest_route=\/wp\/v2\/types\/page"}],"author":[{"embeddable":true,"href":"https:\/\/www.david-moitet.fr\/index.php?rest_route=\/wp\/v2\/users\/1"}],"replies":[{"embeddable":true,"href":"https:\/\/www.david-moitet.fr\/index.php?rest_route=%2Fwp%2Fv2%2Fcomments&post=272"}],"version-history":[{"count":27,"href":"https:\/\/www.david-moitet.fr\/index.php?rest_route=\/wp\/v2\/pages\/272\/revisions"}],"predecessor-version":[{"id":303,"href":"https:\/\/www.david-moitet.fr\/index.php?rest_route=\/wp\/v2\/pages\/272\/revisions\/303"}],"wp:attachment":[{"href":"https:\/\/www.david-moitet.fr\/index.php?rest_route=%2Fwp%2Fv2%2Fmedia&parent=272"}],"curies":[{"name":"wp","href":"https:\/\/api.w.org\/{rel}","templated":true}]}}